 when 2002 is divided by 585?
247
What is the remainder when 7146 is divided by 148?
42
What is the remainder when 36810 is divided by 2451?
45
What is the remainder when 396492 is divided by 165?
162
Calculate the remainder when 5647567 is divided by 170.
167
What is the remainder when 1201295 is divided by 586?
581
What is the remainder when 2602 is divided by 18?
10
What is the remainder when 11583 is divided by 2245?
358
What is the remainder when 18615 is divided by 407?
300
Calculate the remainder when 18339 is divided by 107.
42
What is the remainder when 1859 is divided by 11?
0
Calculate the remainder when 230431 is divided by 58.
55
What is the remainder when 14801 is divided by 329?
325
What is the remainder when 2017 is divided by 190?
117
Calculate the remainder when 108193 is divided by 2403.
58
Calculate the remainder when 17487 is divided by 277.
36
Calculate the remainder when 331116 is divided by 24.
12
Calculate the remainder when 7521 is divided by 39.
33
Calculate the remainder when 8573 is divided by 8400.
173
What is the remainder when 50537 is divided by 91?
32
Calculate the remainder when 26023 is divided by 274.
267
What is the remainder when 58368 is divided by 1536?
0
Calculate the remainder when 7228 is divided by 240.
28
What is the remainder when 2457290 is divided by 59?
58
Calculate the remainder when 41070 is divided by 71.
32
Calculate the remainder when 3599 is divided by 10.
9
What is the remainder when 26872 is divided by 81?
61
What is the remainder when 11003 is divided by 34?
21
What is the remainder when 16503 is divided by 516?
507
What is the remainder when 19590 is divided by 218?
188
Calculate the remainder when 116223 is divided by 17.
11
What is the remainder when 39367 is divided by 14?
13
What is the remainder when 45928 is divided by 22956?
16
What is the remainder when 4907 is divided by 42?
35
What is the remainder when 67266 is divided by 329?
150
What is the remainder when 837 is divided by 144?
117
What is the remainder when 5388 is divided by 124?
56
What is the remainder when 81864 is divided by 356?
340
What is the remainder when 244 is divided by 135?
109
Calculate the remainder when 30802 is divided by 34.
32
What is the remainder when 11364 is divided by 29?
25
Calculate the remainder when 519402 is divided by 76.
18
What is the remainder when 151969 is divided by 10854?
13
What is the remainder when 56333 is divided by 30?
23
What is the remainder when 643103 is divided by 8?
7
What is the remainder when 9089 is divided by 169?
132
Calculate the remainder when 4074 is divided by 844.
698
What is the remainder when 538 is divided by 57?
25
What is the remainder when 519783 is divided by 603?
600
Calculate the remainder when 69864 is divided by 1746.
24
What is the remainder when 18615 is divided by 3091?
69
What is the remainder when 2805 is divided by 75?
30
Calculate the remainder when 26078 is divided by 8674.
56
What is the remainder when 1037 is divided by 11?
3
What is the remainder when 2227 is divided by 56?
43
What is the remainder when 3374 is divided by 36?
26
What is the remainder when 1137 is divided by 86?
19
Calculate the remainder when 105331 is divided by 1064.
1059
What is the remainder when 21599 is divided by 1028?
11
What is the remainder when 1833173 is divided by 21?
20
What is the remainder when 109031 is divided by 209?
142
Calculate the remainder when 228754 is divided by 20.
14
Calculate the remainder when 104631 is divided by 578.
13
Calculate the remainder when 9086 is divided by 554.
222
What is the remainder when 3487 is divided by 1128?
103
Calculate the remainder when 1453 is divided by 25.
3
Calculate the remainder when 23924 is divided by 249.
20
What is the remainder when 852 is divided by 203?
40
Calculate the remainder when 2547189 is divided by 2012.
2009
What is the remainder when 17627 is divided by 5873?
8
What is the remainder when 18110 is divided by 35?
15
What is the remainder when 12718 is divided by 77?
13
What is the remainder when 2551 is divided by 258?
229
What is the remainder when 136358 is divided by 737?
13
What is the remainder when 435742 is divided by 288?
286
Calculate the remainder when 1360 is divided by 300.
160
What is the remainder when 15293 is divided by 1526?
33
Calculate the remainder when 148378 is divided by 28.
6
Calculate the remainder when 3959935 is divided by 103.
100
Calculate the remainder when 464615 is divided by 440.
415
What is the remainder when 108751 is divided by 298?
279
What is the remainder when 2037268 is divided by 177?
175
Calculate the remainder when 2443 is divided by 477.
58
Calculate the remainder when 42062 is divided by 42013.
49
Calculate the remainder when 49669 is divided by 97.
5
What is the remainder when 736036 is divided by 1191?
1189
Calculate the remainder when 10192 is divided by 10190.
2
What is the remainder when 4134 is divided by 195?
39
What is the remainder when 17970 is divided by 17726?
244
Calculate the remainder when 24653 is divided by 2698.
371
What is the remainder when 4899 is divided by 2444?
11
What is the remainder when 32183 is divided by 23?
6
Calculate the remainder when 9463 is divided by 28.
27
Calculate the remainder when 41875 is divided by 1495.
15
What is the remainder when 189575 is divided by 31592?
23
Calculate the remainder when 162548 is divided by 39.
35
What is the remainder when 2309 is divided by 330?
329
What is the remainder when 21612 is divided by 3?
0
Calculate the remainder when 53164 is divided by 364.
20
Calculate the remainder when 24194 is divided by 4826.
64
Calculate the remainder when 96106 is divided by 801.
787
What is the remainder when 12596 is divided by 899?
10
Calculate the remainder when 7399 is divided by 372.
331
What is the remainder when 93468 is divided by 4673?
8
Calculate the remainder when 54509 is divided by 110.
59
Calculate the remainder when 6113 is divided by 290.
23
Calculate the remainder when 33104 is divided by 720.
704
What is the remainder when 304082 is divided by 152011?
60
What is the remainder when 7642 is divided by 508?
22
What is the remainder when 7718 is divided by 592?
22
Calculate the remainder when 223 is divided by 25.
23
What is the remainder when 1248 is divided by 324?
276
Calculate the remainder when 4417 is divided by 3134.
1283
Calculate the remainder when 238987 is divided by 86.
79
What is the remainder when 28748 is divided by 4725?
398
What is the remainder when 1404201 is divided by 651?
645
What is the remainder when 14743 is divided by 2794?
773
Calculate the remainder when 6955564 is divided by 498.
496
What is the remainder when 7515 is divided by 175?
165
What is the remainder when 12094 is divided by 18?
16
What is the remainder when 77347 is divided by 168?
67
What is the remainder when 51132 is divided by 1022?
32
What is the remainder when 148159 is divided by 4?
3
Calculate the remainder when 20734 is divided by 89.
86
Calculate the remainder when 988906 is divided by 76.
70
What is the remainder when 9705 is divided by 456?
129
Calculate the remainder when 60068 is divided by 23.
15
What is the remainder when 1685 is divided by 736?
213
What is the remainder when 15936 is divided by 7881?
174
Calculate the remainder when 9725 is divided by 137.
135
What is the remainder when 197755 is divided by 19?
3
What is the remainder when 65291 is divided by 634?
623
Calculate the remainder when 104957 is divided by 102.
101
Calculate the remainder when 20852 is divided by 171.
161
Calculate the remainder when 1260 is divided by 36.
0
What is the remainder when 18247 is divided by 373?
343
What is the remainder when 9181 is divided by 7?
4
What is the remainder when 223705 is divided by 29?
28
What is the remainder when 2950 is divided by 483?
52
Calculate the remainder when 16324 is divided by 399.
364
What is the remainder when 442989 is divided by 103?
89
What is the remainder when 74050 is divided by 208?
2
Calculate the remainder when 43675 is divided by 79.
67
What is the remainder when 65628 is divided by 25?
3
What is the remainder when 474029 is divided by 25?
4
Calculate the remainder when 194438 is divided by 329.
328
What is the remainder when 1161 is divided by 